7224?
8
What is the units digit of 2497811?
1
What is the hundred thousands digit of 14147974?
1
What is the hundred thousands digit of 1911920?
9
What is the tens digit of 4192250?
5
What is the ten thousands digit of 9865192?
6
What is the thousands digit of 523040?
3
What is the millions digit of 14158338?
4
What is the millions digit of 7522360?
7
What is the hundred thousands digit of 3075562?
0
What is the hundreds digit of 109232?
2
What is the tens digit of 142283?
8
What is the tens digit of 119713?
1
What is the units digit of 148109?
9
What is the units digit of 1826104?
4
What is the thousands digit of 2819203?
9
What is the thousands digit of 2530253?
0
What is the tens digit of 408229?
2
What is the ten thousands digit of 9655550?
5
What is the millions digit of 2076092?
2
What is the millions digit of 14238643?
4
What is the units digit of 16810806?
6
What is the units digit of 23070178?
8
What is the thousands digit of 1318964?
8
What is the millions digit of 16788987?
6
What is the hundreds digit of 1612086?
0
What is the tens digit of 1200466?
6
What is the tens digit of 425318?
1
What is the thousands digit of 17766114?
6
What is the thousands digit of 1395692?
5
What is the ten thousands digit of 983258?
8
What is the thousands digit of 42094?
2
What is the hundred thousands digit of 408401?
4
What is the ten thousands digit of 1181459?
8
What is the tens digit of 121116?
1
What is the thousands digit of 176206?
6
What is the units digit of 271781?
1
What is the hundred thousands digit of 1822377?
8
What is the hundreds digit of 2194870?
8
What is the hundreds digit of 99324?
3
What is the thousands digit of 123873?
3
What is the units digit of 643307?
7
What is the hundred thousands digit of 8122710?
1
What is the units digit of 2836623?
3
What is the thousands digit of 1063913?
3
What is the tens digit of 43283?
8
What is the ten thousands digit of 246883?
4
What is the tens digit of 9359032?
3
What is the hundred thousands digit of 337275?
3
What is the hundred thousands digit of 109873?
1
What is the thousands digit of 33944?
3
What is the thousands digit of 7636446?
6
What is the tens digit of 18207648?
4
What is the units digit of 333519?
9
What is the units digit of 4024396?
6
What is the tens digit of 19049667?
6
What is the thousands digit of 41502?
1
What is the thousands digit of 7994497?
4
What is the millions digit of 5440665?
5
What is the ten thousands digit of 294904?
9
What is the ten thousands digit of 1848861?
4
What is the thousands digit of 2942399?
2
What is the hundreds digit of 98860?
8
What is the thousands digit of 554432?
4
What is the hundred thousands digit of 1357279?
3
What is the hundred thousands digit of 12225834?
2
What is the units digit of 28770?
0
What is the units digit of 84318?
8
What is the hundred thousands digit of 4904337?
9
What is the thousands digit of 1449509?
9
What is the hundred thousands digit of 200434?
2
What is the ten thousands digit of 307640?
0
What is the ten millions digit of 11160065?
1
What is the thousands digit of 408553?
8
What is the tens digit of 23314998?
9
What is the hundred thousands digit of 418954?
4
What is the ten thousands digit of 273027?
7
What is the tens digit of 2151572?
7
What is the thousands digit of 463119?
3
What is the units digit of 48821?
1
What is the thousands digit of 338092?
8
What is the tens digit of 263725?
2
What is the millions digit of 3555914?
3
What is the tens digit of 7970330?
3
What is the millions digit of 1161902?
1
What is the thousands digit of 244079?
4
What is the hundred thousands digit of 11789202?
7
What is the units digit of 1735882?
2
What is the tens digit of 9564120?
2
What is the tens digit of 8943291?
9
What is the thousands digit of 209414?
9
What is the units digit of 4826715?
5
What is the hundreds digit of 7944430?
4
What is the thousands digit of 126676?
6
What is the ten thousands digit of 12013787?
1
What is the thousands digit of 136241?
6
What is the units digit of 599821?
1
What is the millions digit of 6875148?
6
What is the ten millions digit of 14638236?
1
What is the thousands digit of 247050?
7
What is the units digit of 19849926?
6
What is the units digit of 18906?
6
What is the thousands digit of 397667?
7
What is the units digit of 317487?
7
What is the ten thousands digit of 1221111?
2
What is the tens digit of 16180184?
8
What is the units digit of 79548?
8
What is the hundred thousands digit of 4712091?
7
What is the units digit of 4517225?
5
What is the units digit of 1056513?
3
What is the hundred thousands digit of 1013676?
0
What is the thousands digit of 1673384?
3
What is the units digit of 3013025?
5
What is the tens digit of 1052389?
8
What is the hundreds digit of 93877?
8
What is the hundreds digit of 982152?
1
What is the units digit of 835668?
8
What is the hundreds digit of 23810218?
2
What is the tens digit of 115072?
7
What is the tens digit of 15348519?
1
What is the millions digit of 1396093?
1
What is the tens digit of 5527507?
0
What is the units digit of 4345803?
3
What is the tens digit of 1071380?
8
What is the millions digit of 1334658?
1
What is the tens digit of 1139944?
4
What is the tens digit of 243975?
7
What is the hundred thousands digit of 774415?
7
What is the tens digit of 403722?
2
What is the thousands digit of 8745191?
5
What is the thousands digit of 2893003?
3
What is the thousands digit of 121947?
1
What is the hundred thousands digit of 8210562?
2
What is the hundred thousands digit of 5686220?
6
What is the hundreds digit of 12160949?
9
What is the hundreds digit of 38630846?
8
What is the hundred thousands digit of 584528?
5
What is the units digit of 6240240?
0
What is the tens digit of 50482?
8
What is the ten thousands digit of 749588?
4
What is the tens digit of 1224180?
8
What is the thousands digit of 245344?
5
What is the hundreds digit of 82683?
6
What is the hundreds digit of 1680436?
4
What is the ten thousands digit of 1225047?
2
What is the ten thousands digit of 219423?
1
What is the hundred thousands digit of 2800814?
8
What is the ten millions digit of 16905140?
1
What is the ten thousands digit of 20706937?
0
What is the hundred thousands digit of 343646?
3
What is the hundred thousands digit of 2362277?
3
What is the hundreds digit of 1259268?
2
What is the hundreds digit of 1890222?
2
What is the hundred thousands digit of 463954?
4
What is the millions digit of 2574839?
2
What is the tens digit of 766767?
6
What is the thousands digit of 132274?
2
What is the tens digit of 38454?
5
What is the units digit of 2823751?
1
What is the thousands digit of 2257543?
7
What is the tens digit of 2451171?
7
What is the thousands digit of 36260?
6
What is the thousands digit of 88873?
8
What is the tens digit of 345357?
5
What is the hundred thousands digit of 342611?
3
What is the hundreds digit of 23995?
9
What is the units digit of 1996989?
9
What is the units digit of 302723?
3
What is the tens digit of 874367?
6
What is the thousands digit of 867097?
7
What is the units digit of 2440651?
1
What is the hundreds digit of 11429313?
3
What is the thousands digit of 31310017?
0
What is the hundreds digit of 4765050?
0
What is the tens digit of 62449?
4
What is the hundred thousands digit of 2426012?
4
What is the ten thousands digit of 257665?
5
What is the hundreds digit of 1355820?
8
What is the ten thousands digit of 2253900?
5
What is the tens digit of 10069756?
5
What is the ten thousands digit of 593262?
9
What is the hundreds digit of 121827?
8
What is the ten thousands digit of 43418?
4
What is the thousands digit of 1267782?
7
What is the units digit of 369719?
9
What is the units digit of 12843592?
2
What is the units digit of 5716237?
7
What is the units digit of 4401674?
4
What is the hundred thousands digit of 357224?
3
What is the ten thousands digit of 1075029?
7
What is the tens digit of 3221457?
5
What is the thousands digit of 652425?
2
What is the ten thousands digit of 262385?
6
What is the millions digit of 3185852?
3
What is the ten thousands digit of 525646?
2
What is the ten thousands digit of 2460623?
6
What is the thousands digit of 4901486?
1
What is the thousands digit of 690688?
0
What is the thousands 